) = -m**3 - 10*m**2 + 10*m + 23. Let n be t(-8). Let d = n - -191. Calculate the greatest common divisor of 150 and d.
6
Let m be (-377)/(-52) - (-2)/(-8). Let o be 2 + 74*3/(-6). Let t = -28 - o. Calculate the greatest common divisor of t and m.
7
Let f(c) = c**2 + 50*c - 1635. Let z be f(48). Calculate the greatest common divisor of z and 297.
99
Let a(k) be the second derivative of -k**4/6 - 53*k**3/6 - 23*k**2/2 - k - 175. Let z be a(-24). Calculate the highest common divisor of 97 and z.
97
Let g be 13/4 - 4/16. Suppose 3*q = 4*d + 38, -2*q - g = 3*d - 0*d. Let x be (192/(-15) - -2)/(6/(-30)). Calculate the greatest common divisor of x and q.
6
Let m be 54*(-1)/(-2*1). Suppose -13*s + 35 + 30 = 0. Suppose 0 = s*k - 20, -2*t + 880 = 2*t + 4*k. Calculate the highest common divisor of m and t.
27
Let i(r) = -479*r**3 + 10*r**2 + 19*r + 2. Let z be i(-2). Calculate the highest common divisor of z and 56.
28
Let f = -107 - -111. Suppose 0 = -0*g + f*g - 528. What is the greatest common divisor of 88 and g?
44
Suppose 40 = 224*l - 220*l. Suppose -532 = -l*i + 1848. Calculate the highest common factor of 102 and i.
34
Let p be 1 - -29 - (-3 - -10). Suppose -2*w - 19*y + p*y = 4, -40 = -4*w - 4*y. What is the greatest common factor of 222 and w?
6
Let o be (4 - -21)*16/40 - -2. Calculate the highest common divisor of o and 3684.
12
Let j = 396 + -392. Suppose -2*u + 42 = -5*v, 12 = v - j*v. What is the highest common factor of 209 and u?
11
Let g(o) = -o**2 + 6*o + 16. Let b be g(8). Let a be 31*-7*-1 - (b - -1). Let n = a - 72. What is the greatest common divisor of 18 and n?
18
Let w be 3/(-12) + 5150/56 - (-28)/98. What is the highest common factor of 8 and w?
4
Suppose 5*f = -191 - 14. Let w be (-10788)/(-290)*5/2. Let y = f + w. What is the highest common factor of 130 and y?
26
Suppose 2*p - 868 = 4*x, -3*x - 318 = -p + 125. What is the highest common factor of p and 1976?
104
Suppose 320 = 11*k - k. Let r(b) = b + 25. Let g be r(k). Calculate the highest common divisor of 570 and g.
57
Let c = -38039 + 38087. Calculate the highest common divisor of 8652 and c.
12
Let w(u) = -31*u - 2168. Let f be w(-70). Calculate the greatest common divisor of 339 and f.
1
Let k = 9439 + -8755. Calculate the highest common divisor of k and 396.
36
Suppose 333*b - 139*b - 1237720 = 0. Calculate the highest common factor of b and 275.
55
Let m = -1803 + 2019. What is the highest common factor of m and 2484?
108
Let b be 289/1 - (33 - 27). Let j = 697 - b. Calculate the greatest common factor of 46 and j.
46
Let s(f) = -4*f**3 + 4*f**2 - 11*f - 262. Let z be s(-4). Let x be ((-6)/(-3) + -1)*51. What is the highest common divisor of z and x?
51
Let o = -6 - -7. Let w be o/(2/4*6/9). Suppose 39 = w*v + 9. Calculate the greatest common factor of v and 40.
10
Let v(w) = 22*w + 1. Let h be v(2). Let c = 498 + -966. Let q = c + 477. Calculate the greatest common factor of h and q.
9
Let o be 310/2 - 2/2. Let c be -12*(2 + (-315)/108). What is the greatest common divisor of o and c?
11
Let g = -29757 + 29764. Calculate the highest common divisor of 23 and g.
1
Let l be 385524/162 + (2 + 120/(-54))*-1. What is the greatest common factor of l and 980?
140
Let k = 6720 - -4359. Calculate the greatest common factor of k and 3.
3
Let n = -8770 - -13539. What is the greatest common factor of 19 and n?
19
Let i be (-87)/(-1*1)*(52 + -54). Let b = -90 - i. Let g = 26 + -14. What is the greatest common divisor of g and b?
12
Let m(t) = t**3 - 3*t**2 + 3*t + 5. Let g be m(4). Suppose -2*h + g + 25 = 0. Let f = 33 - h. What is the highest common factor of 8 and f?
4
Suppose -4*a + 2*j + 852 = 0, 2*j + 417 = 2*a - 5. Suppose -f - f + 6 = 0. Suppose f*i + 43 = 4*i. What is the greatest common factor of a and i?
43
Suppose -39*m + 8 = -35*m. Suppose 36 = 2*s - 4*o, 0 = -10*s + 5*s + m*o + 50. What is the highest common divisor of 36 and s?
4
Suppose 5*v + v + 1248 = 0. Let k = -183 - v. Calculate the greatest common factor of 5 and k.
5
Let c = 6 - -2. Suppose 0 = 6*l - 10*l. Suppose l*d + 3*g = 5*d - 409, 6 = -2*g. Calculate the greatest common divisor of c and d.
8
Let w(k) be the third derivative of -13*k**4/24 - 27*k**2. Let x be w(-9). Suppose -411 - x = -4*u. What is the highest common divisor of 12 and u?
12
Suppose 18096 = 5*x + 21*x. Let f = 885 - x. Let d(q) = q**2 + 2*q + 6. Let k be d(-5). Calculate the highest common divisor of f and k.
21
Suppose 2*i = -11*i + 52. Suppose 3*n - 21 = -i*w + 9, -2*n + 20 = 3*w. What is the highest common divisor of n and 170?
10
Suppose 1514 = -0*w + 5*w - 2*h, -w - h + 307 = 0. Let d = -299 + w. Let z = 1 - -2. What is the greatest common divisor of d and z?
1
Let s(l) = -l**3 + 3*l**2 + 4*l + 5. Let n be s(4). Let p = n + 58. Calculate the greatest common factor of 84 and p.
21
Let z = 7263 + -5943. Calculate the greatest common factor of 72 and z.
24
Suppose -21*p = -26*p - 3*z + 43, -2*z = -4*p + 30. Calculate the highest common factor of p and 852.
4
Let a be 5828/(-2)*(-65)/130. What is the highest common divisor of a and 329?
47
Suppose 3*r + 532 = r + 9*r. Let s(f) = 34*f**2 + f - 5. Let z be s(2). What is the greatest common factor of z and r?
19
Let v = 437 - 65. Suppose -x + 2*x = -n + 177, -2*x + v = -4*n. What is the greatest common factor of 20 and x?
20
Let v be (-585)/(-6)*(-84 + 88). Calculate the greatest common factor of v and 91.
13
Let p(u) = -u**2 + 37*u - 310. Let m be p(18). Calculate the highest common factor of m and 7744.
32
Suppose 200 = 33*x - 433 + 72. Calculate the greatest common divisor of x and 11611.
17
Let c be ((-36)/10 - 24/(-40))/1. Let n be (c/9)/(9/(-54)). Suppose 5*o - 875 = n*x, -3*o + 2*x = -2*x - 525. What is the highest common divisor of o and 25?
25
Let h be 1 - (-42 - (-6 + 6)). Suppose -h*q + 2604 = -12*q. What is the highest common factor of q and 42?
42
Let h(i) = 67*i**3 + 3*i**2 + 5*i + 2. Let u be h(-1). Let q = u - -110. Calculate the greatest common factor of q and 473.
43
Let f(j) = -2*j**3 - 41*j**2 - 3*j - 498. Let o be f(-21). Let x(n) = -63*n - 6. Let a be x(-4). What is the highest common factor of a and o?
6
Let g be (-6)/(-4)*(-8 + (-578)/(-51)). Calculate the greatest common factor of 320 and g.
5
Suppose -i = -4*i - 3*i. Suppose -95 = -3*s - q, i = 3*s - 5*q - 50 - 51. Calculate the greatest common factor of s and 12.
4
Let w(p) = -p**3 - 11*p**2 - 1824*p - 18036. Let l be w(-10). Let r = -5 + 8. Let q = 16 - r. Calculate the greatest common factor of q and l.
13
Let b be -20*56/(-32) + 1. Let r be ((-2)/3)/((-8)/(-312)). Let g = -17 - r. Calculate the greatest common factor of g and b.
9
Suppose -4*y - 90 = -622. What is the greatest common factor of 361 and y?
19
Suppose 11969 = 165*k + 4049. What is the greatest common factor of k and 68?
4
Let k be 41*(-4 - (-3 - (2 + -4))). Let u = k + 235. Suppose 5 + u = 9*i. Calculate the highest common factor of i and 26.
13
Suppose -19*h + 12*h = 1428. Let q = h - -300. Suppose 0 = 2*l - q - 246. Calculate the highest common divisor of 9 and l.
9
Let x = -16267 - -20792. What is the highest common divisor of 10 and x?
5
Let k = -1166 - -1169. Let f(d) = d**2 + 6*d + 9. Let r be f(-6). Calculate the greatest common factor of k and r.
3
Let o be ((-56)/20)/((-14)/140). Calculate the highest common divisor of 20594 and o.
14
Let y(k) be the first derivative of k**3/3 + 4*k**2 + 33*k - 197. Let j be y(-5). Calculate the highest common factor of 486 and j.
18
Suppose -1132 - 5348 = -40*p. Calculate the highest common divisor of p and 60.
6
Suppose 56*w = 57*w - 27015. Calculate the greatest common factor of 15 and w.
15
Let t(i) = -12*i**2 - 540*i + 207. Let d be t(-45). Let y = 11 + -7. Let z = 27 - y. What is the highest common divisor of d and z?
23
Let l = 485 + -484. Let k be (8*(l - -1))/(8/72). Calculate the highest common factor of 72 and k.
72
Suppose 4*f = 17*i - 3660, 0 = 3*i + 3*f + 36 - 693. What is the greatest common divisor of 1872 and i?
72
Suppose 4860 - 12650 - 4960 = -17*x. What is the greatest common divisor of 90 and x?
30
Suppose -1 = a, -4*m + 3*a = 2*a + 3. Let x be m/(((-7)/(-156))/(-7)). Calculate the highest common divisor of x and 6.
6
Let i(z) = 2*z**2 - 44*z - 174. Let v be i(-4). What is the hi